 1. Let b(y) = -d(y) + q(y). Let k be b(11). Calculate the highest common divisor of k and 3.
3
Suppose -5*a + 2*h = -1075, -243*h + 238*h - 25 = 0. Calculate the greatest common divisor of a and 568.
71
Let r = 1355 - 1324. Calculate the greatest common factor of r and 7533.
31
Let t be -103*((2 - 0) + 0)/(-2). Let l = t - 92. Let j be (2 + 1)/3*55. Calculate the highest common factor of l and j.
11
Let z = 61 - 33. Let n = 106 - 56. Suppose 3*b - 71 = -n. What is the highest common factor of z and b?
7
Let r(v) = -v**3 - 12*v**2 + 1. Let f be r(-12). Let u(k) = -k**3 - 10*k**2 + 12*k + 16. Let q be u(-11). Calculate the greatest common factor of f and q.
1
Let i(v) = v**2 - 4*v + 7. Let s be i(5). Suppose 5*m - j = 544, 0 = 59*m - 55*m + j - 428. Calculate the highest common factor of m and s.
12
Suppose 2*x + 1920 = 2*h, -2*h - 3*x - 3840 = -6*h. Let t = 1753 - h. Calculate the highest common divisor of 13 and t.
13
Let i = 80 + -26. Let h be ((-3906)/i)/(0 + 1/(-6)). What is the greatest common divisor of h and 124?
62
Let g be (11/((-165)/(-306)))/(4/(-10)). Let d = -49 - g. Calculate the greatest common factor of d and 4.
2
Let h(n) = 2*n**2 + 64*n - 55. Suppose -2*t + 2*m - 69 = 3*m, -4*m = -t - 21. Let z be h(t). Calculate the highest common factor of z and 539.
11
Suppose -45*k - 1309 = -52*k. Calculate the greatest common factor of k and 119.
17
Let d = 384 - 303. Let h(v) = -4*v + 42. Let n be h(6). Calculate the greatest common divisor of n and d.
9
Let g(s) = 46*s**2 + 6*s + 8. Let r be g(4). Let p = r + -763. What is the greatest common divisor of 625 and p?
5
Let h(i) = -35*i - 373. Let f be h(-12). Let d(o) = 42*o**2 + o - 5. Let m be d(3). What is the greatest common factor of f and m?
47
Let p(t) = -13*t**3 - 3*t**2 - t - 28. Let c be p(-6). What is the highest common factor of 1648 and c?
206
Let j be 8 - (-2 + 2 + 1). Let i = -148733 + 148754. What is the greatest common divisor of i and j?
7
Let r be (-6)/(-15) + 16/(-40). Suppose -2*l + 1089 - 441 = r. Let t be (-12)/(-9)*(-81)/(-3). What is the greatest common factor of l and t?
36
Let p(z) = -13 - 31*z**2 + 19*z**3 - 43*z**3 - 63*z + 23*z**3. Let a be p(-29). Calculate the greatest common divisor of 12 and a.
12
Let y(a) be the second derivative of 0 - 1/10*a**5 - 30*a - 1/2*a**3 - 4*a**2 - 1/2*a**4. Let d be y(-4). What is the highest common factor of d and 4?
4
Suppose 7*o - 44 + 16 = 0. Let d = -2028 - -2032. What is the highest common factor of d and o?
4
Let s(t) = -105*t - 8603. Let h be s(-115). What is the greatest common factor of h and 93?
31
Let d(s) = 10*s - 10. Let r be d(-5). Let t be r/25*4/(-6)*10. What is the greatest common divisor of 176 and t?
16
Suppose 112 - 412 = -5*a. Suppose -2*m - 276 = -12*z + 10*z, 2*m + 411 = 3*z. Calculate the highest common divisor of a and z.
15
Suppose 9*q + 7056 = 3*f + 6*q, -f + 2348 = -5*q. What is the highest common divisor of 13 and f?
13
Let m be 62/8 - ((-330)/792)/(10/(-18)). Let l(k) = k**3 + 5*k**2 - 7*k - 3. Let f be l(-6). What is the greatest common factor of m and f?
1
Suppose 96*h + 1873 - 13181 = 14900. What is the greatest common factor of h and 312?
39
Let d = 1046 + -161. What is the highest common factor of 135 and d?
15
Let y be (1 - -39)*(0 + 4/10). Let h be 13/(104/y)*12. What is the greatest common divisor of 42 and h?
6
Suppose 188 + 112 = 8*n + 2*n. What is the highest common factor of n and 3495?
15
Suppose -32*z = -14*z - 15606. Calculate the greatest common divisor of 1581 and z.
51
Let m = 2153 + -2061. Calculate the highest common divisor of m and 4807.
23
Let k(p) = -5*p + 168. Let j be k(34). Suppose 0 = 5*h - 4 + 9. Let d be -3 + (-4*h/j - -213). Calculate the greatest common divisor of d and 26.
26
Suppose 2*v + 1925 + 7639 = 4*j, -7166 = -3*j + 5*v. Calculate the greatest common factor of j and 208.
104
Suppose -37292 - 72490 = -107*i. Calculate the greatest common divisor of 456 and i.
114
Suppose 4*q - n = -3*n + 1780, -4*q - n + 1786 = 0. Calculate the greatest common divisor of q and 42.
14
Let o = 134 - 120. Let x be 4*o/(-3 - -4). Let h(u) = u**3 + 9*u**2 - 11*u - 2. Let s be h(-10). What is the highest common divisor of s and x?
8
Suppose 4*q = 3*i + 822, 2*i + 965 - 145 = 4*q. Let k = 312 - q. Calculate the greatest common divisor of 27 and k.
27
Let z be 45/5*(-1860)/9. Let l be 6/(-21) + z/(-42). Let c be (85/68)/(1/l). What is the greatest common factor of c and 22?
11
Let q = 469 - -50. Suppose -5*i = 4*c - 259, 185 - q = -5*c + 4*i. What is the highest common factor of c and 22?
22
Let n = -456 + 145. Let p = 374 + n. What is the highest common divisor of 27 and p?
9
Let g = 12 + -12. Suppose -3*d + 48 = 5*o, g = -3*d + 2*o + 49 + 20. Let y be (1 - (-7 + 1))*5. What is the highest common divisor of y and d?
7
Let d = -12 + 17. Let l = d + 6. Suppose 35 = x - 4*s, -19*x - 4*s + 130 = -17*x. What is the greatest common divisor of x and l?
11
Let m be 428 + 1 + 0*13/(-39). Suppose 5*c - a = 424, 4*a = 14*c - 19*c + m. Calculate the greatest common divisor of c and 68.
17
Let w = 38 + -24. Let f be (-2)/(-7) - (-3538)/w. Let j = -9255 - -9278. Calculate the greatest common factor of f and j.
23
Suppose 1077 = 4*g - 3*b, -3*g + 2*b = 2*g - 1355. Suppose -4*j + 74 = 2*w - 0*j, 2*j + 80 = 2*w. Calculate the highest common factor of g and w.
39
Let g = -2382 + 2505. What is the greatest common factor of 10578 and g?
123
Let a = 42 + -50. Let n be 2/a - 165/(-20). Let b(t) = -t**2 + 16*t - 19. Let u be b(n). Calculate the highest common factor of u and 15.
15
Let q be (1470/120)/((-2)/(-24)). What is the highest common factor of q and 2?
1
Let g(z) = -z**3 - 23*z**2 - 13*z - 510. Let w be g(-24). Calculate the highest common factor of 105 and w.
21
Let a = 1217 - 592. Suppose -6*f = 19*f - a. Suppose -l - 2*l - 650 = -2*x, 1300 = 4*x - 3*l. Calculate the greatest common factor of x and f.
25
Suppose 5*i = 5*r + 15, -9 = -5*i + 2*i + 2*r. Let z be -1 - (-4 + (-36)/i). Let a = -44 - -104. Calculate the highest common divisor of z and a.
15
Let d(n) = 4*n**2 - 30*n + 9*n**2 + 6*n**2 + 2*n**2 - 20*n**2 - 79. Let t be d(-13). What is the greatest common divisor of t and 30?
30
Let n(r) = -r**2 - 9*r + 36. Let v be n(-12). Suppose -4*h + 531 - 23 = v. Suppose h - 1135 = -7*j. Calculate the highest common divisor of j and 16.
16
Let n = 25 - 22. Suppose -y + 16 = -n*r, -2*r + r - 4 = 0. Suppose 12 = w - 0*w + b, w = -y*b. Calculate the greatest common factor of w and 176.
16
Let j be (-7 - 44/(-8))/(8636/(-8624) + 1). Calculate the highest common divisor of 28 and j.
14
Suppose 4*j = 13*j - 396. Suppose -153*g - j = -157*g. Let f be 20*g + -3 + 4. What is the highest common factor of f and 13?
13
Let m(q) = -51*q**3 + q**2 + 9*q - 17. Let r be m(2). Let f = r - -404. Calculate the greatest common factor of 2 and f.
1
Suppose -678*s - 7667 = -52415. Let t = -16 - -22. What is the greatest common factor of s and t?
6
Let m be ((-1)/(-5) + 268/335)*72. Calculate the greatest common divisor of 944 and m.
8
Let b be (10/(-50) - (-8)/(-10))/(2/(-114)). Let w = -277 - -790. Calculate the greatest common divisor of b and w.
57
Let r(k) = -39*k**2 + 790*k - 68. Let q be r(20). Let y be (4/6)/(11/594). Calculate the highest common factor of y and q.
12
Suppose 52 = 5*u - 23. Suppose -18*j = -u*j. Let w be -1 + (154 - -1) + j. Calculate the highest common divisor of w and 14.
14
Suppose 0 = 579*t - 589*t + 5750. Calculate the highest common divisor of t and 69.
23
Let u(n) = 188*n + 2312. Let z be u(-11). What is the greatest common divisor of 12871 and z?
61
Suppose 2*z - 2*k - 16 = 0, 5*z - 651 = -3*k - 563. What is the greatest common divisor of 1057 and z?
7
Suppose -4438 = 15*t - 8098. What is the highest common factor of t and 17324?
244
Let f = -11380 - -11432. Calculate the greatest common divisor of 533 and f.
13
Suppose j = 6*j. Suppose -3*b = 3*k - 3, -b + j*b = -4*k - 16. Let i be 5/(-2)*((-2)/(-1) - b). What is the highest common divisor of i and 40?
5
Let y be 3/1 + (-10)/2 + 5. Suppose -w - y*w + 5*i = -109, -2*w + i + 53 = 0. Suppose 54 = 28*x - w*x. Calculate the highest common factor of 81 and x.
27
Let b(f) be the first derivative of -f**3/3 - 15*f**2/2 - 35*f - 162. Let c be